and q?
3
Let d be (-13120)/(-440) + (-2)/(-11). Calculate the highest common factor of 105 and d.
15
Suppose 4*n - 10 = 10. Let b(u) = u**3 - 4*u**2 + u - 3. Let x(h) = 2*h - 2. Let t be x(3). Let w be b(t). Calculate the greatest common factor of w and n.
1
Let z(h) = -h**3 + 10*h**2 + h + 14. Let p be z(10). Calculate the greatest common divisor of p and 16.
8
Let m = 26 - 24. Let z be (2/1)/2 - -1. Calculate the greatest common divisor of z and m.
2
Suppose -i - 49 = -o + 2*i, -5*o + 233 = -3*i. Calculate the highest common factor of o and 69.
23
Let t(b) = 10*b + 2. Let p be t(2). Suppose 2*q = 4*q - 220. What is the greatest common divisor of q and p?
22
Let v = -40 - -59. Calculate the highest common divisor of v and 76.
19
Let v be (-19)/((4/2)/(-8)). Suppose -r = -2*r + 22. Suppose -3*n + 5*o - 4 = -46, o = -n + r. Calculate the greatest common divisor of n and v.
19
Let g be -5*(2 - 1)*-1. Let m(n) = 2*n - 7. Let l be m(g). Suppose -l = 2*r - 5. What is the greatest common factor of r and 1?
1
Suppose a + 189 = 8*a. Calculate the highest common factor of 216 and a.
27
Let x be -3 + (102/4 - (-12)/(-24)). Let j(n) = -61*n - 2. Let a be j(-4). Calculate the greatest common factor of a and x.
22
Let b(k) = -k + 2. Let w be b(-2). Suppose w*i = o + 28, -2*o - 8 = 2*i - 4*i. What is the greatest common divisor of 8 and i?
8
Suppose 3*o = 6*o - 117. Calculate the greatest common factor of 13 and o.
13
Let o be (-1 + 0 - 0) + 78. Let i(r) = -r**3 + 7*r + 0 - 7 + 3*r**2 - 11*r**2. Let s be i(-9). Calculate the greatest common factor of s and o.
11
Let z = -20 - -26. Suppose -z*x = -x - 550. Calculate the highest common factor of 10 and x.
10
Let f be 11 - (-20)/(-5) - -3. Calculate the greatest common divisor of f and 30.
10
Let l(v) = 3*v - 9. Let f be l(-7). Let c = 65 + f. Calculate the highest common divisor of 5 and c.
5
Suppose -83 = -y - 3*m - m, 3*m + 111 = 2*y. Calculate the highest common divisor of y and 14.
7
Let v(m) = m**3 - 6*m**2 - 7*m + 2. Suppose 0 + 7 = a. Let d be v(a). Calculate the highest common factor of d and 10.
2
Let p(d) = -d**3 - 4*d**2 - 3*d - 4. Let u be p(-3). Let s be 2 + u + 44/1. Calculate the highest common factor of s and 63.
21
Suppose -5*x + 4*n + 53 = 0, n - 16 = -x - 0*n. Suppose -6*a = -2*a - 52. What is the greatest common divisor of x and a?
13
Let l(m) = -m**3 - 13*m**2 - 11*m + 12. Let i be l(-12). Suppose 66 = 4*n + 2*f, -n - 4*f + 0*f + 34 = i. Calculate the highest common divisor of n and 2.
2
Suppose -4*j = 4, -3 = 3*r - 4*r + j. What is the highest common factor of r and 3?
1
Suppose -14 = -2*d + 44. What is the highest common divisor of 145 and d?
29
Let v = -42 + 66. Let j = 33 - 18. Let u = -9 + j. What is the greatest common divisor of v and u?
6
Suppose -2*f + 60 = 2*h, -5*f + h + 180 = -4*h. Suppose 31 = s + 5*r, -s - 3*r - 10 + f = 0. What is the highest common divisor of s and 55?
11
Let y be ((-8)/(-2))/((-2)/(-3)). Let s = -6 + y. Suppose -5*f - 305 = -5*j, s = 3*j - j - 4*f - 132. Calculate the greatest common divisor of 8 and j.
8
Let a be (-2)/(-5) - (-16)/10. Let k(y) = -y**2 + 6*y - 3. Let h be k(2). Let b = -1 + h. What is the highest common divisor of a and b?
2
Let m be (-815)/(-35) - 4/14. Suppose 0 = 3*v + 10 + m. Let t = v - -18. What is the highest common factor of t and 1?
1
Suppose q + t = -2*t + 497, -2*t + 2511 = 5*q. Suppose -2*w = 3*p + 3*w - q, -4*w = 20. Calculate the highest common divisor of 16 and p.
16
Let b be 35*1 + 4/((-20)/15). Calculate the greatest common factor of b and 4.
4
Suppose -c = -5 - 0. Suppose 0 = 5*r + m - 84, 0 = -0*m + 5*m + c. What is the greatest common factor of 68 and r?
17
Let y be -4*2*(-2)/4. Suppose 4*r - 500 = -y*h, -4*r - 115 = -5*r + h. Suppose 0 = o - 3 - 9. Calculate the greatest common factor of o and r.
12
Let u(f) = f**2 - 6*f - 2. Let d be u(5). Let b(i) = -i**3 - 8*i**2 - 7*i + 6. Let o be b(d). Calculate the highest common factor of 30 and o.
6
Let u(t) = t**2 - 5*t - 2. Let v be u(4). Let z be (-12)/v + 2*17. What is the greatest common factor of 18 and z?
18
Let n be 5/20 + 671/4. Let q be -3*(-52)/6 - 2. Calculate the greatest common divisor of q and n.
24
Suppose -18 = 3*r - 6*r. Let a = -3 + r. Suppose 0 = -y + 5*y - 108. What is the highest common factor of y and a?
3
Let g = 24 - 16. What is the highest common divisor of g and 2?
2
Suppose l - 20 = 50. What is the highest common divisor of l and 14?
14
Let q(x) = 144*x**2 + 1. Let l be q(-1). What is the highest common factor of 58 and l?
29
Suppose -2*l = -58 + 12. Calculate the highest common divisor of 253 and l.
23
Let w = 130 - -79. Calculate the greatest common factor of 38 and w.
19
Let c be (-2 + 5)/3 + 3. Let m be ((-2)/(-3))/(c/78). Suppose 2*g = 3*g - 91. What is the highest common divisor of m and g?
13
Suppose 0 = -3*k + 2*o + 201, 4*o = -4*k + 55 + 213. Let c = k - -18. What is the highest common factor of c and 17?
17
Let w = -28 - -54. Suppose -3*a = -0*a - 5*d - 102, a - 3*d = 30. What is the highest common divisor of w and a?
13
Let v = 26 + -16. Suppose 4*q - 3*a = -2*a + 25, 2*a - 15 = -5*q. Calculate the highest common divisor of v and q.
5
Suppose 4*d + 38 = 3*u, 5*d + 20 = d. Suppose 3*p - 2*p = 0. Suppose 3*w + 8 + 16 = l, p = 4*l - 2*w - 56. Calculate the greatest common divisor of u and l.
6
Let m be (6/(-4))/((-21)/56). Calculate the greatest common factor of m and 4.
4
Let m(a) be the second derivative of -4*a**3/3 + a**2/2 + a. Let v be m(5). Let z = -26 - v. What is the highest common divisor of z and 104?
13
Suppose 2*u = -3*u + 325. Let o be 1570/60 - 1/6. What is the greatest common factor of o and u?
13
Suppose 0 = i - 4*k - 51, 15 = -3*i - 2*k + 126. Suppose -2*n = -7 - i. Calculate the greatest common divisor of n and 92.
23
Suppose 0 = 4*x + 70 + 22. Suppose 2*f - 127 = -3*n, n + 4*n - 3*f = 218. Let c = n + x. Calculate the highest common divisor of 8 and c.
4
Let z(q) = -q**3 + 9*q**2 + 9*q - 2. Let y be z(9). Suppose 5*a + y = 244. What is the highest common factor of a and 22?
11
Let i = 145 + -133. What is the greatest common factor of i and 192?
12
Let k(d) = 5*d - 20. Let u be k(9). What is the greatest common factor of u and 200?
25
Let l = -97 + 196. Calculate the greatest common divisor of l and 11.
11
Let v be ((-3)/(-2))/((-1)/(-8)). Suppose -5*a = 20, -p + 0*p - 5*a + v = 0. What is the greatest common divisor of p and 48?
16
Let l(m) = 25*m**3 - m. Let v be l(2). Let x(z) = 17*z**3 - z**2 + 7*z - 5. Let p be x(1). Calculate the greatest common divisor of p and v.
18
Let r(k) = -k + 1. Let o be r(0). Let a be o*6 + -1 + 1. What is the highest common factor of a and 42?
6
Suppose 35 = 3*c - 4. Let k = -20 - -33. Suppose a - k = 5*z, 2*a + 2*z = -c + 87. Calculate the highest common factor of 11 and a.
11
Suppose 0 = -3*j + 213 + 3. What is the highest common divisor of 18 and j?
18
Let t(i) = -i + 2. Let n be t(0). Suppose 0 = -n*d - 6 + 32. What is the highest common divisor of 26 and d?
13
Let q be (-413)/(-21) + 2/6. Calculate the greatest common divisor of 220 and q.
20
Let a(v) = 2*v + 9. Let g be a(0). What is the highest common factor of 45 and g?
9
Suppose 0 = 3*i - 2*s - 2*s + 18, 5*i + 4 = -2*s. Let j = i + 2. Suppose -4*t - 6 + 46 = j. Calculate the highest common divisor of 15 and t.
5
Let j = 18 - 10. What is the greatest common divisor of j and 1?
1
Let v(a) = -2*a - 1. Let h = 2 - 4. Let s be v(h). Let c be (-2)/((9/s)/(-45)). Calculate the greatest common factor of 10 and c.
10
Suppose 4 = 12*p - 11*p. Let n = p - 3. What is the highest common divisor of n and 8?
1
Let y(l) = l**3 + 5*l**2 - l - 5. Let j be y(-4). Calculate the greatest common factor of 15 and j.
15
Suppose 0 = -4*g - r + 6, r = -0*r - 2. Suppose -4*h = -g*h - 30. Let q be 3/(-2)*(3 - h). What is the highest common divisor of q and 18?
18
Suppose 4*w + 10 = 3*l, 0 = l + 3*l + 3*w - 5. What is the highest common divisor of l and 26?
2
Let f(w) be the third derivative of w**5/30 - w**4/24 + w**3/3 - w**2. Let s be f(2). Calculate the highest common factor of 20 and s.
4
Let p = 6 - -49. What is the highest common factor of 11 and p?
11
Let h(w) = -w + 7. Suppose -13 = -4*i + 3. Let m be h(i). What is the highest common factor of 2